 105817592.
2, 997, 13267
What are the prime factors of 162878002?
2, 7, 547, 21269
What are the prime factors of 295488322?
2, 17, 1637, 5309
What are the prime factors of 192198780?
2, 3, 5, 73, 14627
What are the prime factors of 125578847?
17, 19, 388789
List the prime factors of 4444286.
2, 7, 11, 28859
What are the prime factors of 63287277?
3, 17, 73, 89, 191
List the prime factors of 103457127.
3, 34485709
What are the prime factors of 117845488?
2, 7365343
What are the prime factors of 48058669?
277, 173497
List the prime factors of 169558979.
59, 1013, 2837
List the prime factors of 2607021178.
2, 29, 4721, 9521
List the prime factors of 11603259.
3, 103, 12517
List the prime factors of 96800631.
3, 31, 41, 53, 479
What are the prime factors of 834934024?
2, 19, 739, 7433
What are the prime factors of 90377178?
2, 3, 71, 353, 601
What are the prime factors of 496334328?
2, 3, 7, 587, 719
What are the prime factors of 247239948?
2, 3, 193, 106753
List the prime factors of 1281518738.
2, 23, 449, 62047
What are the prime factors of 152076974?
2, 7, 937, 11593
List the prime factors of 888161244.
2, 3, 74013437
List the prime factors of 660594298.
2, 7, 13, 279203
What are the prime factors of 123780931?
127, 974653
List the prime factors of 71558225.
5, 29, 89, 1109
What are the prime factors of 49451090?
2, 5, 13, 29, 1009
List the prime factors of 3516676946.
2, 59, 29802347
What are the prime factors of 895319774?
2, 127, 881, 4001
List the prime factors of 130870011.
3, 29, 751, 2003
List the prime factors of 1680722602.
2, 13, 64643177
List the prime factors of 21360378.
2, 3, 13, 53, 5167
List the prime factors of 66024119.
7, 241, 5591
List the prime factors of 1077435688.
2, 7, 149, 129127
What are the prime factors of 443482875?
3, 5, 11, 35837
List the prime factors of 3954746.
2, 571, 3463
What are the prime factors of 4707748311?
3, 7, 224178491
List the prime factors of 22649906.
2, 43, 103, 2557
What are the prime factors of 5831985162?
2, 3, 971997527
List the prime factors of 6359106172.
2, 7673, 207191
What are the prime factors of 894094468?
2, 11251, 19867
What are the prime factors of 1455364708?
2, 7, 51977311
List the prime factors of 24748080.
2, 3, 5, 7, 14731
What are the prime factors of 272458154?
2, 47, 347, 8353
What are the prime factors of 138098688?
2, 3, 7, 13, 19
List the prime factors of 4115767978.
2, 7, 83, 101, 35069
What are the prime factors of 3123276167?
11, 53, 5357249
What are the prime factors of 4098320570?
2, 5, 47, 8719831
What are the prime factors of 746578201?
19273, 38737
What are the prime factors of 340941946?
2, 170470973
List the prime factors of 3543082021.
3543082021
List the prime factors of 327753104.
2, 7, 37, 139, 569
What are the prime factors of 149499570?
2, 3, 5, 11, 453029
List the prime factors of 71191611.
3, 211, 37489
List the prime factors of 6084741429.
3, 13, 2539, 20483
What are the prime factors of 4390386986?
2, 17, 129129029
What are the prime factors of 58372278?
2, 3, 2237, 4349
What are the prime factors of 5181025167?
3, 257, 746653
What are the prime factors of 93497218?
2, 29, 1087, 1483
List the prime factors of 210448056.
2, 3, 7, 13, 167, 577
List the prime factors of 1824522491.
11, 6949, 23869
List the prime factors of 1171433327.
1171433327
List the prime factors of 244695135.
3, 5, 3089, 5281
What are the prime factors of 36583389?
3, 71, 57251
List the prime factors of 17296578.
2, 3, 13, 43, 191
List the prime factors of 41601288.
2, 3, 103, 16829
What are the prime factors of 321742028?
2, 80435507
List the prime factors of 4469789121.
3, 7, 19, 11202479
List the prime factors of 177931063.
2711, 65633
What are the prime factors of 5589230346?
2, 3, 7, 257, 172603
List the prime factors of 460338149.
460338149
What are the prime factors of 2973077422?
2, 7, 212362673
List the prime factors of 77883043.
7, 73, 173, 881
What are the prime factors of 96000680?
2, 5, 41, 58537
List the prime factors of 100020209.
953, 104953
What are the prime factors of 218500508?
2, 54625127
What are the prime factors of 466285403?
19, 29, 61, 13873
List the prime factors of 35427191.
19, 1864589
List the prime factors of 1156352313.
3, 385450771
What are the prime factors of 638912585?
5, 2251, 56767
List the prime factors of 712424078.
2, 1181, 301619
List the prime factors of 229717974.
2, 3, 17, 23, 97919
What are the prime factors of 133129046?
2, 521, 127763
List the prime factors of 2386267189.
7079, 337091
What are the prime factors of 224537536?
2, 3508399
List the prime factors of 215334288.
2, 3, 13, 12781
List the prime factors of 1790458120.
2, 5, 11, 37, 71, 1549
List the prime factors of 561307216.
2, 35081701
What are the prime factors of 847542786?
2, 3, 17, 488779
List the prime factors of 200820886.
2, 7, 14344349
List the prime factors of 70858434.
2, 3, 167, 70717
What are the prime factors of 4571668?
2, 1142917
List the prime factors of 313379047.
11317, 27691
List the prime factors of 43451924.
2, 359, 30259
List the prime factors of 7575515.
5, 293, 5171
What are the prime factors of 367854742?
2, 31, 1013, 5857
What are the prime factors of 2094279628?
2, 7, 23, 367, 8861
What are the prime factors of 7663134?
2, 3, 29, 44041
What are the prime factors of 13038422?
2, 17, 383483
List the prime factors of 77507187.
3, 25835729
List the prime factors of 28627057.
28627057
What are the prime factors of 85531675?
5, 17, 201251
What are the prime factors of 138556973?
138556973
What are the prime factors of 32831756?
2, 47, 174637
What are the prime factors of 32963860?
2, 5, 19, 223, 389
List the prime factors of 103369327.
103369327
List the prime factors of 113843544.
2, 3, 599, 7919
List the prime factors of 52902296.
2, 883, 7489
List the prime factors of 1239164957.
163, 727, 10457
List the prime factors of 735454769.
7, 2144183
What are the prime factors of 5453240609?
13799, 395191
List the prime factors of 21501757.
23, 107, 8737
What are the prime factors of 276412025?
5, 11056481
List the prime factors of 705738006.
2, 3, 227, 172721
List the prime factors of 333591992.
2, 31, 1345129
What are the prime factors of 1644500227?
107, 15369161
List the prime factors of 478955987.
478955987
List the prime factors of 238099813.
7, 34014259
What are the prime factors of 676974410?
2, 5, 7, 23, 420481
List the prime factors of 3174332733.
3, 11, 13, 79, 3469
What are the prime factors of 70750468?
2, 433, 40849
List the prime factors of 5823579160.
2, 5, 7, 17, 239, 5119
List the prime factors of 422465908.
2, 105616477
What are the prime factors of 1529272673?
1529272673
List the prime factors of 88855696.
2, 967, 5743
List the prime factors of 357827398.
2, 4129, 43331
List the prime factors of 48979305.
3, 5, 23, 37, 1279
List the prime factors of 56740057.
11, 23, 137, 1637
What are the prime factors of 405789794?
2, 499, 617, 659
List the prime factors of 49298054.
2, 13, 79, 24001
List the prime factors of 3444296476.
2, 29, 709, 41879
What are the prime factors of 344228377?
19, 71, 255173
What are the prime factors of 5469147491?
5469147491
List the prime factors of 1325674869.
3, 1693, 261011
List the prime factors of 85352063.
85352063
What are the prime factors of 322226360?
2, 5, 47, 101, 1697
List the prime factors of 5710849607.
23, 248297809
List the prime factors of 47468968.
2, 709, 8369
What are the prime factors of 331981446?
2, 3, 2647, 20903
What are the prime factors of 57070280?
2, 5, 37, 38561
What are the prime factors of 2836673955?
3, 5, 47, 1341217
List the prime factors of 2576361758.
2, 1288180879
List the prime factors of 285576455.
5, 17, 53, 63391
List the prime factors of 7931802314.
2, 139, 3433, 8311
What are the prime factors of 51700536?
2, 3, 17, 42239
List the prime factors of 307340359.
307340359
What are the prime factors of 1613697338?
2, 11, 73349879
List the prime factors of 101955514.
2, 4673, 10909
What are the prime factors of 54910579?
31, 57139
What are the prime factors of 5512431?
3, 1837477
What are the prime factors of 53135720?
2, 5, 11, 120763
List the prime factors of 943650108.
2, 3, 8737501
What are the prime factors of 571204484?
2, 142801121
List the prime factors of 970448